8566270?
2, 3, 5, 35267
List the prime factors of 803513511.
3, 6569, 13591
List the prime factors of 10353279.
3, 41, 2053
List the prime factors of 2241157270.
2, 5, 11, 2549, 7993
What are the prime factors of 141075207?
3, 7, 13, 281, 613
What are the prime factors of 889676747?
889676747
What are the prime factors of 34974224?
2, 2185889
What are the prime factors of 138344617?
503, 275039
What are the prime factors of 85320593?
23, 211, 17581
List the prime factors of 74707515.
3, 5, 184463
What are the prime factors of 72370041?
3, 4549, 5303
List the prime factors of 4712970698.
2, 17489, 134741
List the prime factors of 90470131.
90470131
List the prime factors of 2352587.
61, 38567
List the prime factors of 1541318871.
3, 1399, 367243
List the prime factors of 163365259.
61, 2678119
What are the prime factors of 278684820?
2, 3, 5, 569, 907
List the prime factors of 323659787.
11, 17, 443, 3907
List the prime factors of 38045205.
3, 5, 11, 151, 509
What are the prime factors of 101218061?
7, 14459723
List the prime factors of 7883050.
2, 5, 7, 101, 223
List the prime factors of 243612948.
2, 3, 229, 88651
List the prime factors of 22813166.
2, 277, 41179
What are the prime factors of 53984800?
2, 5, 67481
What are the prime factors of 20944626?
2, 3, 3490771
What are the prime factors of 3457805968?
2, 31, 6971383
List the prime factors of 244053293.
11, 3307, 6709
What are the prime factors of 200939161?
619, 324619
List the prime factors of 405837758.
2, 19, 61, 175081
List the prime factors of 6696189.
3, 19, 229
What are the prime factors of 188819821?
47, 4017443
What are the prime factors of 764973542?
2, 29, 311, 42409
What are the prime factors of 90066653?
90066653
List the prime factors of 166672877.
7, 23810411
What are the prime factors of 348431313?
3, 116143771
What are the prime factors of 103600524?
2, 3, 8633377
List the prime factors of 22881843.
3, 107, 23761
What are the prime factors of 962226102?
2, 3, 160371017
List the prime factors of 1331534370.
2, 3, 5, 53, 113, 7411
List the prime factors of 455672.
2, 7, 79, 103
List the prime factors of 244981106.
2, 139, 829, 1063
List the prime factors of 15032127.
3, 11, 389, 1171
List the prime factors of 154028814.
2, 3, 25671469
List the prime factors of 75337167.
3, 23, 1091843
List the prime factors of 2030564929.
607, 3345247
List the prime factors of 132658788.
2, 3, 53, 167, 1249
List the prime factors of 49607207.
13, 17, 224467
What are the prime factors of 135736433?
7, 1279, 15161
What are the prime factors of 27399208?
2, 3424901
What are the prime factors of 7494541304?
2, 173, 5415131
List the prime factors of 883009347.
3, 11, 26757859
What are the prime factors of 830170183?
461, 1800803
List the prime factors of 1043575714.
2, 521787857
List the prime factors of 14455664.
2, 903479
List the prime factors of 112626683.
13, 17, 509623
List the prime factors of 3494762.
2, 71, 24611
What are the prime factors of 2564244191?
2564244191
What are the prime factors of 677917078?
2, 787, 430697
List the prime factors of 57765039.
3, 43, 447791
What are the prime factors of 1409647?
23, 167, 367
List the prime factors of 983908617.
3, 89, 3685051
What are the prime factors of 70275452?
2, 13, 19, 71129
What are the prime factors of 16108904?
2, 7, 307, 937
What are the prime factors of 188206698?
2, 3, 89, 113, 3119
List the prime factors of 168208239.
3, 3643, 15391
What are the prime factors of 1929408389?
79, 151, 161741
List the prime factors of 4383285116.
2, 7, 2179, 71843
List the prime factors of 4855638204.
2, 3, 67, 671039
List the prime factors of 2419885078.
2, 13, 93072503
List the prime factors of 34183985.
5, 11, 621527
List the prime factors of 97955178.
2, 3, 631, 25873
What are the prime factors of 96714598?
2, 17, 19, 149713
List the prime factors of 21363741.
3, 7, 339107
List the prime factors of 125226887.
31, 577, 7001
What are the prime factors of 10109171?
43, 233, 1009
List the prime factors of 4837920462.
2, 3, 5501, 48859
What are the prime factors of 371811516?
2, 3, 263, 117811
List the prime factors of 48643682.
2, 877, 27733
What are the prime factors of 1733542307?
7, 59, 619, 6781
List the prime factors of 2756999293.
17, 331, 489959
List the prime factors of 52710384.
2, 3, 1098133
List the prime factors of 980560145.
5, 269, 729041
What are the prime factors of 3351508428?
2, 3, 41, 6812009
What are the prime factors of 7850188329?
3, 8543, 306301
List the prime factors of 22721751.
3, 13, 194203
List the prime factors of 133509955.
5, 191, 139801
What are the prime factors of 355121028?
2, 3, 9864473
What are the prime factors of 31247646?
2, 3, 5207941
What are the prime factors of 108894277?
53, 2054609
What are the prime factors of 54736168?
2, 6842021
What are the prime factors of 172338791?
293, 331, 1777
What are the prime factors of 167979584?
2, 17, 181, 853
List the prime factors of 761622747.
3, 253874249
List the prime factors of 225710037.
3, 7, 17, 70249
List the prime factors of 491093303.
281, 613, 2851
List the prime factors of 990254357.
7159, 138323
List the prime factors of 503288954.
2, 7, 53, 137, 4951
What are the prime factors of 3381032?
2, 97, 4357
What are the prime factors of 86516622?
2, 3, 397, 12107
What are the prime factors of 11202133?
17, 53, 12433
List the prime factors of 102254483.
61, 1676303
What are the prime factors of 1147291871?
11, 73, 129887
What are the prime factors of 1450201562?
2, 19, 38163199
List the prime factors of 29326648.
2, 13, 419, 673
What are the prime factors of 9304759?
67, 113, 1229
What are the prime factors of 819630790?
2, 5, 11, 7451189
What are the prime factors of 4278423246?
2, 3, 23, 61, 419, 1213
List the prime factors of 238474674.
2, 3, 17, 779329
List the prime factors of 154340432.
2, 9646277
What are the prime factors of 53267718?
2, 3, 7, 1268279
What are the prime factors of 85331069?
359, 237691
List the prime factors of 7619540.
2, 5, 380977
What are the prime factors of 408197359?
29, 14075771
What are the prime factors of 122900670?
2, 3, 5, 1365563
What are the prime factors of 34281370?
2, 5, 3428137
List the prime factors of 500139068.
2, 11, 13, 877, 997
What are the prime factors of 4920673259?
73, 1559, 43237
What are the prime factors of 251297372?
2, 509, 123427
List the prime factors of 159657596.
2, 7, 5702057
List the prime factors of 2774777411.
7, 457, 867389
What are the prime factors of 1105007019?
3, 6101, 60373
List the prime factors of 367808854.
2, 7, 26272061
What are the prime factors of 43384002?
2, 3, 433, 16699
List the prime factors of 52293604.
2, 11, 1188491
List the prime factors of 69450736.
2, 1579, 2749
What are the prime factors of 72818474?
2, 36409237
List the prime factors of 70921202.
2, 11, 823, 3917
What are the prime factors of 114329611?
11, 2017, 5153
What are the prime factors of 9227197?
7, 281, 4691
What are the prime factors of 1728219022?
2, 733, 1063, 1109
What are the prime factors of 1490860089?
3, 165651121
List the prime factors of 4797129521.
211, 4637, 4903
What are the prime factors of 55389720?
2, 3, 5, 461581
List the prime factors of 560536170.
2, 3, 5, 18684539
What are the prime factors of 129103793?
7, 13, 41, 34603
What are the prime factors of 416245390?
2, 5, 11, 613, 6173
List the prime factors of 3981139779.
3, 1327046593
List the prime factors of 80319968.
2, 17, 147647
What are the prime factors of 261375180?
2, 3, 5, 11, 239, 1657
List the prime factors of 233592753.
3, 67, 167, 6959
List the prime factors of 66529298.
2, 11, 19, 159161
What are the prime factors of 978164763?
3, 326054921
What are the prime factors of 3394151575?
5, 17, 151, 52889
What are the prime factors of 4583311856?
2, 503, 569497
What are the prime factors of 208420918?
2, 17, 19, 322633
List the prime factors of 789520428.
2, 3, 439, 49957
What are the prime factors of 3068584876?
2, 7, 109592317
What are the prime factors of 518791528?
2, 64848941
What are the prime factors of 857296886?
2, 307, 397, 3517
List the prime factors of 47882177.
7, 43, 271, 587
List the prime factors of 187152886.
2, 23, 4068541
What are the prime factors of 5342632975?
5, 229, 389, 2399
What are the prime factors